*2. Determine l(j).
9
Let y be (-2 + 5)*(-2)/(-3). Let l be 2 - (-8)/(y + 2). Let k(v) = 5*v - 2*v**2 - v + 2*v. Determine k(l).
-8
Let t(u) be the first derivative of -13*u**4/4 + u**3/3 - u**2/2 - u - 118. What is t(-1)?
14
Let v(h) = -5*h + h**2 - 54 + 27 + 28. Let c(z) = -z + 3. Let d be -1*(6/3 + -2). Let a be c(d). Determine v(a).
-5
Let p be (-4)/(4*-1)*5. Let d(k) = k - 11. Let r be d(11). Suppose r = p*h - h - 24. Let x(t) = -t**3 + 6*t**2 - 2. Calculate x(h).
-2
Let t(n) = 3*n**2 - 8*n. Let s(a) = 4*a**2 - 10*a. Let w(j) = 4*s(j) - 5*t(j). Give w(-1).
1
Let g be (1/(1 + -2))/(-3 + 2). Let x(r) = -r. Give x(g).
-1
Let b(j) = -j**2 - j - 6. Let n(c) = -10*c**2 - 7 - 18*c**2 + 26*c**2. Let x(q) = -3*b(q) + 2*n(q). Calculate x(5).
-6
Let q(b) = -b**2 - 5*b - 6. Let i(s) = 32*s**2 + 3*s + 1. Let a be i(4). Suppose r = -4*r + a. Let x be (-2)/(-7) - 555/r. Give q(x).
-6
Let k(v) = -2*v - 2. Let t(j) = -j - 1. Let f(h) = -k(h) + t(h). Let r = 7 + -5. Let s = -2 - r. What is f(s)?
-3
Let b(l) = -l**3 + 7*l**2 - 6*l - 5. Let v be b(5). Let h be (-2)/1*-2 + 0. Suppose -y = -h*y + v. Let k(a) = -a**3 + 4*a**2 + 8*a - 7. Calculate k(y).
8
Let g(q) = -2*q**2 - 6. Suppose 16*r - 11 = -91. Give g(r).
-56
Suppose -2*o = -2, 15*o - 13*o = -c + 4. Let u(g) = -g**3 + 2*g**2 - 3*g + 4. Give u(c).
-2
Let m(y) = y - 7. Let l(h) = -27*h + 124. Let z be l(5). Determine m(z).
-18
Let a(u) = -u**3 - 6*u**2 - u + 2. Let v be 8/6*6 + -1. Let m(f) = -14 - 6*f + f**2 - 2*f + 15. Let q be m(v). Give a(q).
8
Let n(h) = -h**3 + 18*h**2 + 20*h - 15. Let f be (80/(-15) - -5)/((-2)/114). Determine n(f).
4
Let o(s) = -34*s - 65. Let f(k) = -24*k - 44. Let a(b) = -7*f(b) + 5*o(b). Give a(-9).
1
Let t(h) be the second derivative of -h**7/2520 - 7*h**6/720 - h**5/20 + 19*h**4/12 + 25*h. Let u(k) be the third derivative of t(k). What is u(-6)?
0
Let h = -52 - -36. Let s(p) = 2*p + 30. Let m be s(h). Let c(l) = 3*l**2 - 26 + 24 - l + l**3 + l. Calculate c(m).
2
Let x = 6 - 13. Let o = -5 - x. Let y(j) be the third derivative of j**5/30 - j**4/12 + j**3/6 + 8*j**2 + 5. What is y(o)?
5
Let t be (6/40*-2)/(2/(-20)). Let y(b) = -b**2 + 2*b + 3. Suppose -2 = -4*f + 2*f. Let l(o) = -o. Let z(w) = f*y(w) + 6*l(w). Give z(t).
-18
Let j(a) = -12*a**3 + 2*a**2 - 1. Suppose 0*w - 4*f - 16 = -3*w, 0 = 3*w - 5*f - 14. Let s be ((-2 + -1)/(-1))/(w - 5). What is j(s)?
-11
Let u(f) = f**3 - 2*f**2 + f + 3. Let o(z) = -3*z + 4. Let d be o(0). Suppose 0 = -3*v + 2*i + 1, 0 = 3*i - 2*i - d. Give u(v).
15
Let s(m) = m + 11. Let x = -30 - -20. Let n be 10/(-6)*1 + 17/(-51). Let u be x/n*-1*1. Determine s(u).
6
Let q = -98 - -101. Suppose -q*s - 24 = -4*g - s, 3*g = 4*s + 13. Let h(d) = -d**3 + 8*d**2 - 10*d + 5. Determine h(g).
-16
Let w(h) be the third derivative of h**6/60 - 7*h**5/60 - h**4/24 - h**3/2 - 12*h**2 - 4*h. Give w(4).
9
Suppose 9*r - 7 = 8*r. Let k(b) = 5 + r + 7*b - 12. What is k(-1)?
-7
Let f(d) = -2*d - 1. Let p be f(-3). Suppose -p*h = -10*h. Suppose 0 = -h*x + 2*x - 2. Let t(y) = 2*y. What is t(x)?
2
Let m(r) be the third derivative of r**6/120 - r**5/20 + r**4/6 - r**3/3 - 46*r**2. Let p(v) = -v**3 - 8*v**2 - v - 6. Let g be p(-8). What is m(g)?
2
Let j(c) = 3*c + 4. Let x be j(2). Let k(d) = -5*d**2 + x*d + 5 + 3*d - d**3 - 2*d - 5*d. Give k(-6).
5
Let c(q) = -q - 1 + 5*q + 12*q + 4*q - 13*q. Let a = 6 + -5. Give c(a).
6
Let a(l) = -l**3 - 6*l**2 - 15*l - 4. Let y be a(-3). Let s(h) = -3*h + 29. Determine s(y).
-13
Let d(j) = -j**2 + 6*j - 5. Let o be d(4). Let s(i) = -i**2 + 2*i - 3. Suppose -103*h = -107*h + 8. Let y(q) = -q - 2. Let k(g) = h*y(g) - s(g). Determine k(o).
-4
Let v(r) = 20*r - 31. Let o(c) = 17*c - 30. Let j(d) = 7*o(d) - 6*v(d). Calculate j(-18).
-6
Let m = -271 - -265. Let s(a) = -a + 10. Let x(p) = 5*p - 40. Let o(b) = -9*s(b) - 2*x(b). Determine o(m).
-4
Let l(v) = 3*v + 44 + 2*v - 42. Let y be -4*(35/(-10))/7. Determine l(y).
12
Let m(t) be the third derivative of t**4/8 + 11*t**3/3 + 28*t**2 + 6*t. Give m(-6).
4
Let x(f) = -3*f + 3. Suppose 6 - 3 = 3*a - 3*m, 5*m - 5 = 0. What is x(a)?
-3
Let u(n) = 2*n**2 + 3*n - 1 - 3*n**2 + 6 - 2. Let g be (-209)/76 - (-2)/(-8). Let j be (g - (-42)/12)/(1/(-4)). Calculate u(j).
-7
Let f(r) = r**2 - 4*r - 4. Let c = -28 - -28. Suppose c*v = 2*v - 12. Give f(v).
8
Let s(z) = -z**2 - 4*z - 2. Suppose 7*y + 36 = 8. Let f be (-2)/y*(-12 + 2). Give s(f).
-7
Let q(t) = -t**2 + 4*t + 3. Let c(j) = 7*j + 33. Let g be c(-4). Determine q(g).
-2
Let d(s) = s**3 - 6*s**2 - s + 7. Suppose 0 = 3*n - 2*n + 11. Let z be 28/10 + n/(-55). Suppose 3 = x - z. What is d(x)?
1
Suppose 0*l + 6*l = 48. Suppose -j + 13 - l = 0. Let z(y) = -3*y + 6. Give z(j).
-9
Let m(r) = -27*r + 18*r + 7*r - 20. Determine m(-13).
6
Let f(g) = g. Let r be f(7). Suppose 4*t = -2*j + 26, -7 = -2*t + r*j - 2*j. Let z(m) = t*m**3 - 14*m**3 - 9 + 8*m + 5*m**2 + 7*m**3. Calculate z(6).
3
Let k = 67 - 42. Let m = k + -24. Let n(b) = -b - 1. What is n(m)?
-2
Let r be (-6)/(-15) + (-65)/(-25). Let x(u) = 2*u**2 + 2 - 6*u**2 + u**r - 6*u - 2 - 6. What is x(5)?
-11
Let s = -1025 + 1035. Let k(h) = -h**2 + 11*h - 3. Calculate k(s).
7
Suppose -t - 5*h - 7 = 0, t - 38*h + 33*h = -7. Let f(y) = y + 17. Calculate f(t).
10
Let x = -19 - -10. Let o be 2/11 + (-256)/(-44). Let v be (2 + x/o)*-2. Let n(j) = j**2 - 2*j - 1. What is n(v)?
2
Let f(l) = -2*l - 4 + 1 + 10*l - l**2. What is f(6)?
9
Let f(i) = 3*i**2 - 16*i + 11. Let w(d) = d**2 - d + 1. Let x(y) = -f(y) + 4*w(y). Give x(-11).
-18
Let v(q) = -q + 4. Let k(j) = -j**3 + 8*j**2 + 8*j + 13. Let h be k(9). Let w = -23 - -25. Suppose -4*n = w*t - 4, -h*t = 2*n + 3*n - 5. Calculate v(t).
4
Let o(f) = -f**2 - 2. Let j(g) be the second derivative of 0 + g + 0*g**3 - 4*g**2 - 5/12*g**4. Let n(a) = -2*j(a) + 9*o(a). Determine n(-2).
2
Let m(x) = -2*x + 28. Let p(v) = -22*v + 392. Let h be p(17). Give m(h).
-8
Let q(p) be the second derivative of p**3 - p**2/2 - p - 155. Calculate q(1).
5
Let u(x) = 48*x + 7. Let p(y) = 93*y + 12. Let w(h) = -3*p(h) + 5*u(h). Determine w(-1).
38
Let j(a) = a**2 - 14*a - 19. Let v be j(14). Suppose 0*n = -2*n + 32. Let d = v + n. Let m(k) = -k - 7. Calculate m(d).
-4
Let z(f) = -f**3 - 9*f**2 + 2*f - 5. Let c(r) = 2*r**2 + 1. Let i(b) = -6*c(b) - z(b). Calculate i(3).
-7
Let u(n) be the first derivative of n**3/3 + n**2/2 - 25. Let i(c) = -c**3 + 2*c**2 + 5*c - 8. Let r(h) = i(h) + 4*u(h). Calculate r(7).
6
Let w(a) = -2*a + 4*a - 24 - 21 + 45. What is w(4)?
8
Let r(i) = 11*i. Let o(a) = 2*a - 4. Let x(t) = -2. Let z(v) = 2*o(v) + 10*x(v). Let f be z(12). Let s = f + -19. What is r(s)?
11
Let q(a) = a**2 - 7*a - 11. Let b(k) = 2*k**2 - 15*k - 23. Let d(j) = -6*b(j) + 13*q(j). Determine d(3).
1
Suppose 12 = 3*l - 52*s + 49*s, -2*s = -5*l + 29. Let p(v) be the third derivative of -1/60*v**5 + 2/3*v**3 + l*v**2 + 1/24*v**4 + 0*v + 0. What is p(3)?
-2
Suppose -26 + 10 = -2*x. Suppose -6*r + x = -5*r. Let m(y) = y**2 - 7*y + 6. Calculate m(r).
14
Let o(w) = -w**2 - 6*w - 2. Let l be -2 + (-4)/3*-3. Let r(t) = -3 - 4*t**2 + 7*t + 6*t**l - t**2. Let g be r(-7). Determine o(g).
7
Suppose 5*i - 2*o - 19 = 0, -28 = -0*i - 5*i - o. Suppose -5 = u - 4*m, 2*u - 4*m = i*u - 1. Let c(a) = 7*a. Calculate c(u).
-7
Let o(q) = -11*q + 39. Let l(z) = 4*z - 13. Let v(s) = -2*s**3 + 13*s**2 - 8*s + 9. Let u be v(6). Let t(i) = u*o(i) - 8*l(i). Calculate t(0).
-13
Suppose -4*t = 4 - 16. Let g(w) = -14 + 10*w**3 + w**t + w**2 + 13 - 2*w**3. Determine g(1).
9
Suppose 0 = g + 5*t + 18, 2*g - 7*g = 4*t + 6. Let s = 7 + g. Suppose v = s - 3. Let h(y) = -2*y + 8. Calculate h(v).
-4
Let v(l) = l**3 + 3*l**2 - 5*l + 2. Let d = -128 - -148. Suppose -t - 7 = -2*j - 0*j, 2*t + 2 = -2*j. Let r be j/5 - 88/d. What is v(r)?
6
Let m(a) = -a**2 + 785*a - 391*a - 394*a + 4. Determine m(3).
-5
Let v be 4 + 3/(-6)*0. Let q(c) = -c**3 + 5*c**2 + 4*c - 4. Calculate q(v).
28
Let t(h) = h**2 + 4. Suppose -177 = 4*j - 193. Determine t(j).
20
Let s = -16 + 13. Let a be (s + 2)/1 - 0. Let i(x) = 13*x - 1. What is i(a)?
-14
Let l(n) = n - 6. Suppose 5*v - 12 = 33. Let k = -19 + 19. Suppose -v*o + 7*o + 12 = k. Give l(o).
0
Let l(v) be the third derivative of v**4/6 + 3*v**3/2 - 271*v**2. Determine l(-2).
1
Let g(z) = z**3 + 3*z**2 - 6*z - 